{"id":7,"date":"2014-12-14T23:10:44","date_gmt":"2014-12-14T23:10:44","guid":{"rendered":"http:\/\/localhost\/wordpress\/?page_id=4"},"modified":"2014-12-16T00:01:13","modified_gmt":"2014-12-16T00:01:13","slug":"impressum","status":"publish","type":"page","link":"http:\/\/philanthrosoft.com\/?page_id=7","title":{"rendered":"Impressum"},"content":{"rendered":"<p><b>Betreiber und Kontakt:<\/b><br \/>\nPhilanthroSoft UG (haftungsbeschr\u00e4nkt)<\/p>\n<p>Lindenallee 37<br \/>\n26122 Oldenburg<\/p>\n<p>E-Mail-Adresse: info@philanthrosoft.com<\/p>\n<p><b>Vertretung:<\/b><br \/>\nGesch\u00e4ftsf\u00fchrer Johannes-Gerhard Schute<br \/>\nRegister und Registernummer:<br \/>\nAmtsgericht Oldenburg HRB 209348<\/p>\n","protected":false},"excerpt":{"rendered":"<p>Betreiber und Kontakt: PhilanthroSoft UG (haftungsbeschr\u00e4nkt) Lindenallee 37 26122 Oldenburg E-Mail-Adresse: info@philanthrosoft.com Vertretung: Gesch\u00e4ftsf\u00fchrer Johannes-Gerhard Schute Register und Registernummer: Amtsgericht Oldenburg HRB 209348<\/p>\n","protected":false},"author":2,"featured_media":0,"parent":0,"menu_order":0,"comment_status":"closed","ping_status":"open","template":"","meta":{"footnotes":""},"_links":{"self":[{"href":"http:\/\/philanthrosoft.com\/index.php?rest_route=\/wp\/v2\/pages\/7"}],"collection":[{"href":"http:\/\/philanthrosoft.com\/index.php?rest_route=\/wp\/v2\/pages"}],"about":[{"href":"http:\/\/philanthrosoft.com\/index.php?rest_route=\/wp\/v2\/types\/page"}],"author":[{"embeddable":true,"href":"http:\/\/philanthrosoft.com\/index.php?rest_route=\/wp\/v2\/users\/2"}],"replies":[{"embeddable":true,"href":"http:\/\/philanthrosoft.com\/index.php?rest_route=%2Fwp%2Fv2%2Fcomments&post=7"}],"version-history":[{"count":1,"href":"http:\/\/philanthrosoft.com\/index.php?rest_route=\/wp\/v2\/pages\/7\/revisions"}],"predecessor-version":[{"id":34,"href":"http:\/\/philanthrosoft.com\/index.php?rest_route=\/wp\/v2\/pages\/7\/revisions\/34"}],"wp:attachment":[{"href":"http:\/\/philanthrosoft.com\/index.php?rest_route=%2Fwp%2Fv2%2Fmedia&parent=7"}],"curies":[{"name":"wp","href":"https:\/\/api.w.org\/{rel}","templated":true}]}}